{"id":968,"date":"2025-11-13T14:06:07","date_gmt":"2025-11-13T14:06:07","guid":{"rendered":"https:\/\/r-ahma-association.com\/?page_id=968"},"modified":"2025-11-14T10:59:21","modified_gmt":"2025-11-14T10:59:21","slug":"violences-conjugales","status":"publish","type":"page","link":"https:\/\/r-ahma-association.com\/index.php\/violences-conjugales\/","title":{"rendered":"VIOLENCES CONJUGALES"},"content":{"rendered":"\t\t<div data-elementor-type=\"wp-page\" data-elementor-id=\"968\" class=\"elementor elementor-968\">\n\t\t\t\t<div class=\"elementor-element elementor-element-829077b e-flex e-con-boxed wpr-particle-no wpr-jarallax-no wpr-parallax-no wpr-sticky-section-no wpr-equal-height-no e-con e-parent\" data-id=\"829077b\" data-element_type=\"container\" data-e-type=\"container\" data-settings=\"{&quot;background_background&quot;:&quot;slideshow&quot;,&quot;background_slideshow_gallery&quot;:[{&quot;id&quot;:1003,&quot;url&quot;:&quot;https:\\\/\\\/r-ahma-association.com\\\/wp-content\\\/uploads\\\/2025\\\/11\\\/banniere-page-violences-conjugales-1.jpg&quot;}],&quot;background_slideshow_loop&quot;:&quot;yes&quot;,&quot;background_slideshow_slide_duration&quot;:5000,&quot;background_slideshow_slide_transition&quot;:&quot;fade&quot;,&quot;background_slideshow_transition_duration&quot;:500}\">\n\t\t\t\t\t<div class=\"e-con-inner\">\n\t\t\t\t<div class=\"elementor-element elementor-element-61a5260 elementor-widget elementor-widget-hfe-breadcrumbs-widget\" data-id=\"61a5260\" data-element_type=\"widget\" data-e-type=\"widget\" data-widget_type=\"hfe-breadcrumbs-widget.default\">\n\t\t\t\t<div class=\"elementor-widget-container\">\n\t\t\t\t\t<nav aria-label=\"Breadcrumb\"><ul class=\"hfe-breadcrumbs hfe-breadcrumbs-show-home\"><li class=\"hfe-breadcrumbs-item hfe-breadcrumbs-first\"><span class=\"hfe-breadcrumbs-home-icon\"><svg aria-hidden=\"true\" class=\"e-font-icon-svg e-fas-home\" viewBox=\"0 0 576 512\" xmlns=\"http:\/\/www.w3.org\/2000\/svg\"><path d=\"M280.37 148.26L96 300.11V464a16 16 0 0 0 16 16l112.06-.29a16 16 0 0 0 15.92-16V368a16 16 0 0 1 16-16h64a16 16 0 0 1 16 16v95.64a16 16 0 0 0 16 16.05L464 480a16 16 0 0 0 16-16V300L295.67 148.26a12.19 12.19 0 0 0-15.3 0zM571.6 251.47L488 182.56V44.05a12 12 0 0 0-12-12h-56a12 12 0 0 0-12 12v72.61L318.47 43a48 48 0 0 0-61 0L4.34 251.47a12 12 0 0 0-1.6 16.9l25.5 31A12 12 0 0 0 45.15 301l235.22-193.74a12.19 12.19 0 0 1 15.3 0L530.9 301a12 12 0 0 0 16.9-1.6l25.5-31a12 12 0 0 0-1.7-16.93z\"><\/path><\/svg><\/span><a href=\"https:\/\/r-ahma-association.com\"><span class=\"hfe-breadcrumbs-text\">Accueil<\/span><\/a><\/li><\/ul><\/nav>\t\t\t\t<\/div>\n\t\t\t\t<\/div>\n\t\t\t\t<div class=\"elementor-element elementor-element-1c0577f elementor-widget elementor-widget-spacer\" data-id=\"1c0577f\" data-element_type=\"widget\" data-e-type=\"widget\" data-widget_type=\"spacer.default\">\n\t\t\t\t\t\t\t<div class=\"elementor-spacer\">\n\t\t\t<div class=\"elementor-spacer-inner\"><\/div>\n\t\t<\/div>\n\t\t\t\t\t\t<\/div>\n\t\t\t\t<div class=\"elementor-element elementor-element-61b70a3 elementor-widget elementor-widget-heading\" data-id=\"61b70a3\" data-element_type=\"widget\" data-e-type=\"widget\" data-widget_type=\"heading.default\">\n\t\t\t\t\t<h1 class=\"elementor-heading-title elementor-size-default\">Violences conjugales<\/h1>\t\t\t\t<\/div>\n\t\t\t\t<div class=\"elementor-element elementor-element-d3e0515 elementor-widget elementor-widget-spacer\" data-id=\"d3e0515\" data-element_type=\"widget\" data-e-type=\"widget\" data-widget_type=\"spacer.default\">\n\t\t\t\t\t\t\t<div class=\"elementor-spacer\">\n\t\t\t<div class=\"elementor-spacer-inner\"><\/div>\n\t\t<\/div>\n\t\t\t\t\t\t<\/div>\n\t\t\t\t\t<\/div>\n\t\t\t\t<\/div>\n\t\t<div class=\"elementor-element elementor-element-fbad5a3 e-flex e-con-boxed wpr-particle-no wpr-jarallax-no wpr-parallax-no wpr-sticky-section-no wpr-equal-height-no e-con e-parent\" data-id=\"fbad5a3\" data-element_type=\"container\" data-e-type=\"container\">\n\t\t\t\t\t<div class=\"e-con-inner\">\n\t\t\t\t<div class=\"elementor-element elementor-element-0aa9c6a elementor-widget elementor-widget-heading\" data-id=\"0aa9c6a\" data-element_type=\"widget\" data-e-type=\"widget\" data-widget_type=\"heading.default\">\n\t\t\t\t\t<h2 class=\"elementor-heading-title elementor-size-default\">Violences Conjugales en Islam<\/h2>\t\t\t\t<\/div>\n\t\t\t\t<div class=\"elementor-element elementor-element-c3d4fb5 elementor-widget elementor-widget-text-editor\" data-id=\"c3d4fb5\" data-element_type=\"widget\" data-e-type=\"widget\" data-widget_type=\"text-editor.default\">\n\t\t\t\t\t\t\t\t\t<p>Les violences conjugales constituent un probl\u00e8me grave et pr\u00e9occupant qui touche de nombreuses familles \u00e0 travers le monde.&nbsp;<\/p><p>En Islam, le mariage est consid\u00e9r\u00e9 comme un engagement sacr\u00e9 bas\u00e9 sur l\u2019amour, la compassion, la compr\u00e9hension et le respect mutuel. Tout acte de violence, qu\u2019il soit physique, psychologique ou \u00e9motionnel, est strictement contraire \u00e0 l\u2019\u00e9thique islamique et aux enseignements du Proph\u00e8te Muhammad (paix et b\u00e9n\u00e9dictions sur lui).<\/p>\t\t\t\t\t\t\t\t<\/div>\n\t\t\t\t\t<\/div>\n\t\t\t\t<\/div>\n\t\t<div class=\"elementor-element elementor-element-d493304 e-flex e-con-boxed wpr-particle-no wpr-jarallax-no wpr-parallax-no wpr-sticky-section-no wpr-equal-height-no e-con e-parent\" data-id=\"d493304\" data-element_type=\"container\" data-e-type=\"container\">\n\t\t\t\t\t<div class=\"e-con-inner\">\n\t\t\t\t<div class=\"elementor-element elementor-element-a4c61f9 elementor-widget elementor-widget-heading\" data-id=\"a4c61f9\" data-element_type=\"widget\" data-e-type=\"widget\" data-widget_type=\"heading.default\">\n\t\t\t\t\t<h2 class=\"elementor-heading-title elementor-size-default\">L\u2019Islam et le respect dans le mariage<\/h2>\t\t\t\t<\/div>\n\t\t\t\t<div class=\"elementor-element elementor-element-9645463 elementor-widget elementor-widget-text-editor\" data-id=\"9645463\" data-element_type=\"widget\" data-e-type=\"widget\" data-widget_type=\"text-editor.default\">\n\t\t\t\t\t\t\t\t\t<p data-start=\"749\" data-end=\"874\">Le Coran insiste sur l\u2019importance de traiter son conjoint avec bont\u00e9 et \u00e9quit\u00e9. Allah dit dans <strong data-start=\"844\" data-end=\"870\">Sourate Ar-Rum (30:21)<\/strong> :<\/p><blockquote data-start=\"876\" data-end=\"1050\"><p data-start=\"878\" data-end=\"1050\"><em data-start=\"878\" data-end=\"1048\">\u00ab Et parmi Ses signes, Il a cr\u00e9\u00e9 de vous, pour vous, des \u00e9pouses afin que vous trouviez aupr\u00e8s d\u2019elles tranquillit\u00e9, et Il a instaur\u00e9 entre vous amour et mis\u00e9ricorde. \u00bb<\/em><\/p><\/blockquote><article class=\"text-token-text-primary w-full focus:outline-none [--shadow-height:45px] has-data-writing-block:pointer-events-none has-data-writing-block:-mt-(--shadow-height) has-data-writing-block:pt-(--shadow-height) [&amp;:has([data-writing-block])&gt;*]:pointer-events-auto [content-visibility:auto] supports-[content-visibility:auto]:[contain-intrinsic-size:auto_100lvh] scroll-mt-[calc(var(--header-height)+min(200px,max(70px,20svh)))]\" dir=\"auto\" tabindex=\"-1\" data-turn-id=\"request-WEB:03d83cdd-8123-4b1d-ab2c-0bd48aaa89ae-6\" data-testid=\"conversation-turn-2\" data-scroll-anchor=\"true\" data-turn=\"assistant\"><div class=\"text-base my-auto mx-auto pb-10 [--thread-content-margin:--spacing(4)] thread-sm:[--thread-content-margin:--spacing(6)] thread-lg:[--thread-content-margin:--spacing(16)] px-(--thread-content-margin)\"><div class=\"[--thread-content-max-width:40rem] thread-lg:[--thread-content-max-width:48rem] mx-auto max-w-(--thread-content-max-width) flex-1 group\/turn-messages focus-visible:outline-hidden relative flex w-full min-w-0 flex-col agent-turn\" tabindex=\"-1\"><div class=\"flex max-w-full flex-col grow\"><div class=\"min-h-8 text-message relative flex w-full flex-col items-end gap-2 text-start break-words whitespace-normal [.text-message+&amp;]:mt-1\" dir=\"auto\" data-message-author-role=\"assistant\" data-message-id=\"88e55157-f889-4660-9bbe-a393cab53018\" data-message-model-slug=\"gpt-5\"><div class=\"flex w-full flex-col gap-1 empty:hidden first:pt-[1px]\"><div class=\"markdown prose dark:prose-invert w-full break-words dark markdown-new-styling\"><p data-start=\"97\" data-end=\"282\"><strong data-start=\"97\" data-end=\"282\">\u0648\u064e\u0645\u0650\u0646\u0652 \u0622\u064a\u064e\u0627\u062a\u0650\u0647\u0650 \u0623\u064e\u0646\u0652 \u062e\u064e\u0644\u064e\u0642\u064e \u0644\u064e\u0643\u064f\u0645 \u0645\u0650\u0651\u0646\u0652 \u0623\u064e\u0646\u0641\u064f\u0633\u0650\u0643\u064f\u0645\u0652 \u0623\u064e\u0632\u0652\u0648\u064e\u0627\u062c\u064b\u0627 \u0644\u0650\u0651\u062a\u064e\u0633\u0652\u0643\u064f\u0646\u064f\u0648\u0627 \u0625\u0650\u0644\u064e\u064a\u0652\u0647\u064e\u0627 \u0648\u064e\u062c\u064e\u0639\u064e\u0644\u064e \u0628\u064e\u064a\u0652\u0646\u064e\u0643\u064f\u0645 \u0645\u0651\u064e\u0648\u064e\u062f\u0651\u064e\u0629\u064b \u0648\u064e\u0631\u064e\u062d\u0652\u0645\u064e\u0629\u064b \u06da \u0625\u0650\u0646\u0651\u064e \u0641\u0650\u064a \u0630\u064e\u0670\u0644\u0650\u0643\u064e \u0644\u064e\u0622\u064a\u064e\u0627\u062a\u064d \u0644\u0650\u0651\u0642\u064e\u0648\u0652\u0645\u064d \u064a\u064e\u062a\u064e\u0641\u064e\u0643\u0651\u064e\u0631\u064f\u0648\u0646\u064e<\/strong><\/p><p data-start=\"284\" data-end=\"467\" data-is-last-node=\"\" data-is-only-node=\"\">Translitt\u00e9ration :<br data-start=\"302\" data-end=\"305\" \/><em data-start=\"305\" data-end=\"467\" data-is-last-node=\"\">Wa min \u0101y\u0101tihi an khalaqa lakum min anfusikum azw\u0101jan litaskun\u016b ilayh\u0101 wa ja\u2018ala baynakum mawaddatan wa ra\u1e25mah. Inna f\u012b dh\u0101lika la\u2019\u0101y\u0101tin liqawmin yatafakkar\u016bn.<\/em><\/p><\/div><\/div><\/div><\/div><\/div><\/div><\/article><p data-start=\"1052\" data-end=\"1266\">Ce verset souligne que le mariage est un lien fond\u00e9 sur l\u2019affection, la s\u00e9r\u00e9nit\u00e9 et la mis\u00e9ricorde. La violence conjugale va \u00e0 l\u2019encontre de cette vision divine et brise la confiance et l\u2019harmonie au sein du foyer.<\/p>\t\t\t\t\t\t\t\t<\/div>\n\t\t\t\t\t<\/div>\n\t\t\t\t<\/div>\n\t\t<div class=\"elementor-element elementor-element-1eb5640 e-flex e-con-boxed wpr-particle-no wpr-jarallax-no wpr-parallax-no wpr-sticky-section-no wpr-equal-height-no e-con e-parent\" data-id=\"1eb5640\" data-element_type=\"container\" data-e-type=\"container\">\n\t\t\t\t\t<div class=\"e-con-inner\">\n\t\t\t\t<div class=\"elementor-element elementor-element-a235f77 elementor-widget elementor-widget-heading\" data-id=\"a235f77\" data-element_type=\"widget\" data-e-type=\"widget\" data-widget_type=\"heading.default\">\n\t\t\t\t\t<h2 class=\"elementor-heading-title elementor-size-default\">Ressources et soutien<\/h2>\t\t\t\t<\/div>\n\t\t\t\t<div class=\"elementor-element elementor-element-9b71e04 elementor-widget elementor-widget-text-editor\" data-id=\"9b71e04\" data-element_type=\"widget\" data-e-type=\"widget\" data-widget_type=\"text-editor.default\">\n\t\t\t\t\t\t\t\t\t<p data-start=\"2364\" data-end=\"2479\"><a href=\"https:\/\/r-ahma-association.com\/\">R.A.H.M.A Association<\/a> s\u2019engage \u00e0 soutenir toutes les personnes confront\u00e9es aux violences conjugales, en offrant :<\/p><ul data-start=\"2480\" data-end=\"2663\"><li data-start=\"2480\" data-end=\"2522\"><p data-start=\"2482\" data-end=\"2522\">Une \u00e9coute attentive et confidentielle<\/p><\/li><li data-start=\"2523\" data-end=\"2561\"><p data-start=\"2525\" data-end=\"2561\">Des conseils juridiques et sociaux<\/p><\/li><li data-start=\"2562\" data-end=\"2610\"><p data-start=\"2564\" data-end=\"2610\">Un accompagnement spirituel et psychologique<\/p><\/li><li data-start=\"2611\" data-end=\"2663\"><p data-start=\"2613\" data-end=\"2663\">Des ateliers de sensibilisation et de pr\u00e9vention<\/p><\/li><\/ul><p data-start=\"2665\" data-end=\"2817\">Si vous ou quelqu\u2019un de votre entourage \u00eates victime de violences, sachez qu\u2019il existe de l\u2019aide et qu\u2019il est possible de retrouver s\u00e9curit\u00e9 et dignit\u00e9.<\/p>\t\t\t\t\t\t\t\t<\/div>\n\t\t\t\t\t<\/div>\n\t\t\t\t<\/div>\n\t\t<div class=\"elementor-element elementor-element-d27f1a4 e-flex e-con-boxed wpr-particle-no wpr-jarallax-no wpr-parallax-no wpr-sticky-section-no wpr-equal-height-no e-con e-parent\" data-id=\"d27f1a4\" data-element_type=\"container\" data-e-type=\"container\">\n\t\t\t\t\t<div class=\"e-con-inner\">\n\t\t\t\t<div class=\"elementor-element elementor-element-c594c01 elementor-widget__width-initial elementor-widget elementor-widget-image\" data-id=\"c594c01\" data-element_type=\"widget\" data-e-type=\"widget\" data-widget_type=\"image.default\">\n\t\t\t\t\t\t\t\t\t\t\t\t\t\t\t\t<a href=\"https:\/\/www.yapaka.be\/actualite\/les-impacts-des-violences-conjugales-parlons-en-voici-la-nouvelle-campagne-de\">\n\t\t\t\t\t\t\t<img fetchpriority=\"high\" decoding=\"async\" width=\"460\" height=\"649\" src=\"https:\/\/r-ahma-association.com\/wp-content\/uploads\/2025\/11\/affiches-violences-conjugales-enfant.png\" class=\"attachment-large size-large wp-image-986\" alt=\"affiches violences conjugales enfant\" srcset=\"https:\/\/r-ahma-association.com\/wp-content\/uploads\/2025\/11\/affiches-violences-conjugales-enfant.png 460w, https:\/\/r-ahma-association.com\/wp-content\/uploads\/2025\/11\/affiches-violences-conjugales-enfant-213x300.png 213w\" sizes=\"(max-width: 460px) 100vw, 460px\" title=\"VIOLENCES CONJUGALES\">\t\t\t\t\t\t\t\t<\/a>\n\t\t\t\t\t\t\t\t\t\t\t\t\t\t\t<\/div>\n\t\t\t\t\t<\/div>\n\t\t\t\t<\/div>\n\t\t<div class=\"elementor-element elementor-element-0e598bd e-flex e-con-boxed wpr-particle-no wpr-jarallax-no wpr-parallax-no wpr-sticky-section-no wpr-equal-height-no e-con e-parent\" data-id=\"0e598bd\" data-element_type=\"container\" data-e-type=\"container\">\n\t\t\t\t\t<div class=\"e-con-inner\">\n\t\t\t\t<div class=\"elementor-element elementor-element-5d45ca3 elementor-widget elementor-widget-heading\" data-id=\"5d45ca3\" data-element_type=\"widget\" data-e-type=\"widget\" data-widget_type=\"heading.default\">\n\t\t\t\t\t<h2 class=\"elementor-heading-title elementor-size-default\">Nous contacter<\/h2>\t\t\t\t<\/div>\n\t\t\t\t<div class=\"elementor-element elementor-element-adceadf elementor-align-center elementor-icon-list--layout-traditional elementor-list-item-link-full_width elementor-widget elementor-widget-icon-list\" data-id=\"adceadf\" data-element_type=\"widget\" data-e-type=\"widget\" data-widget_type=\"icon-list.default\">\n\t\t\t\t\t\t\t<ul class=\"elementor-icon-list-items\">\n\t\t\t\t\t\t\t<li class=\"elementor-icon-list-item\">\n\t\t\t\t\t\t\t\t\t\t\t<span class=\"elementor-icon-list-icon\">\n\t\t\t\t\t\t\t<svg aria-hidden=\"true\" class=\"e-font-icon-svg e-fas-phone-square-alt\" viewBox=\"0 0 448 512\" xmlns=\"http:\/\/www.w3.org\/2000\/svg\"><path d=\"M400 32H48A48 48 0 0 0 0 80v352a48 48 0 0 0 48 48h352a48 48 0 0 0 48-48V80a48 48 0 0 0-48-48zm-16.39 307.37l-15 65A15 15 0 0 1 354 416C194 416 64 286.29 64 126a15.7 15.7 0 0 1 11.63-14.61l65-15A18.23 18.23 0 0 1 144 96a16.27 16.27 0 0 1 13.79 9.09l30 70A17.9 17.9 0 0 1 189 181a17 17 0 0 1-5.5 11.61l-37.89 31a231.91 231.91 0 0 0 110.78 110.78l31-37.89A17 17 0 0 1 299 291a17.85 17.85 0 0 1 5.91 1.21l70 30A16.25 16.25 0 0 1 384 336a17.41 17.41 0 0 1-.39 3.37z\"><\/path><\/svg>\t\t\t\t\t\t<\/span>\n\t\t\t\t\t\t\t\t\t\t<span class=\"elementor-icon-list-text\">07 81 65 07 98<\/span>\n\t\t\t\t\t\t\t\t\t<\/li>\n\t\t\t\t\t\t\t\t<li class=\"elementor-icon-list-item\">\n\t\t\t\t\t\t\t\t\t\t\t<span class=\"elementor-icon-list-icon\">\n\t\t\t\t\t\t\t<svg aria-hidden=\"true\" class=\"e-font-icon-svg e-far-envelope\" viewBox=\"0 0 512 512\" xmlns=\"http:\/\/www.w3.org\/2000\/svg\"><path d=\"M464 64H48C21.49 64 0 85.49 0 112v288c0 26.51 21.49 48 48 48h416c26.51 0 48-21.49 48-48V112c0-26.51-21.49-48-48-48zm0 48v40.805c-22.422 18.259-58.168 46.651-134.587 106.49-16.841 13.247-50.201 45.072-73.413 44.701-23.208.375-56.579-31.459-73.413-44.701C106.18 199.465 70.425 171.067 48 152.805V112h416zM48 400V214.398c22.914 18.251 55.409 43.862 104.938 82.646 21.857 17.205 60.134 55.186 103.062 54.955 42.717.231 80.509-37.199 103.053-54.947 49.528-38.783 82.032-64.401 104.947-82.653V400H48z\"><\/path><\/svg>\t\t\t\t\t\t<\/span>\n\t\t\t\t\t\t\t\t\t\t<span class=\"elementor-icon-list-text\">rahma.conseils@gmx.fr<\/span>\n\t\t\t\t\t\t\t\t\t<\/li>\n\t\t\t\t\t\t\t\t<li class=\"elementor-icon-list-item\">\n\t\t\t\t\t\t\t\t\t\t\t<span class=\"elementor-icon-list-icon\">\n\t\t\t\t\t\t\t<svg aria-hidden=\"true\" class=\"e-font-icon-svg e-fas-location-arrow\" viewBox=\"0 0 512 512\" xmlns=\"http:\/\/www.w3.org\/2000\/svg\"><path d=\"M444.52 3.52L28.74 195.42c-47.97 22.39-31.98 92.75 19.19 92.75h175.91v175.91c0 51.17 70.36 67.17 92.75 19.19l191.9-415.78c15.99-38.39-25.59-79.97-63.97-63.97z\"><\/path><\/svg>\t\t\t\t\t\t<\/span>\n\t\t\t\t\t\t\t\t\t\t<span class=\"elementor-icon-list-text\">3 Rue des Rolliers, 30820, Caveirac<\/span>\n\t\t\t\t\t\t\t\t\t<\/li>\n\t\t\t\t\t\t<\/ul>\n\t\t\t\t\t\t<\/div>\n\t\t\t\t\t<\/div>\n\t\t\t\t<\/div>\n\t\t\t\t<\/div>\n\t\t","protected":false},"excerpt":{"rendered":"<p>Accueil Violences conjugales Violences Conjugales en Islam Les violences conjugales constituent un probl\u00e8me grave et pr\u00e9occupant qui touche de nombreuses familles \u00e0 travers le monde.&nbsp; En Islam, le mariage est consid\u00e9r\u00e9 comme un engagement sacr\u00e9 bas\u00e9 sur l\u2019amour, la compassion, la compr\u00e9hension et le respect mutuel. Tout acte de violence, qu\u2019il soit physique, psychologique ou \u00e9motionnel, est strictement contraire \u00e0 l\u2019\u00e9thique islamique et aux enseignements du Proph\u00e8te Muhammad (paix et b\u00e9n\u00e9dictions sur lui). L\u2019Islam et le respect dans le mariage Le Coran insiste sur l\u2019importance de traiter son conjoint avec bont\u00e9 et \u00e9quit\u00e9. Allah dit dans Sourate Ar-Rum (30:21) : \u00ab Et parmi Ses signes, Il a cr\u00e9\u00e9 de vous, pour vous, des \u00e9pouses afin que vous trouviez aupr\u00e8s d\u2019elles tranquillit\u00e9, et Il a instaur\u00e9 entre vous amour et mis\u00e9ricorde. \u00bb \u0648\u064e\u0645\u0650\u0646\u0652 \u0622\u064a\u064e\u0627\u062a\u0650\u0647\u0650 \u0623\u064e\u0646\u0652 \u062e\u064e\u0644\u064e\u0642\u064e \u0644\u064e\u0643\u064f\u0645 \u0645\u0650\u0651\u0646\u0652 \u0623\u064e\u0646\u0641\u064f\u0633\u0650\u0643\u064f\u0645\u0652 \u0623\u064e\u0632\u0652\u0648\u064e\u0627\u062c\u064b\u0627 \u0644\u0650\u0651\u062a\u064e\u0633\u0652\u0643\u064f\u0646\u064f\u0648\u0627 \u0625\u0650\u0644\u064e\u064a\u0652\u0647\u064e\u0627 \u0648\u064e\u062c\u064e\u0639\u064e\u0644\u064e \u0628\u064e\u064a\u0652\u0646\u064e\u0643\u064f\u0645 \u0645\u0651\u064e\u0648\u064e\u062f\u0651\u064e\u0629\u064b \u0648\u064e\u0631\u064e\u062d\u0652\u0645\u064e\u0629\u064b \u06da \u0625\u0650\u0646\u0651\u064e \u0641\u0650\u064a \u0630\u064e\u0670\u0644\u0650\u0643\u064e \u0644\u064e\u0622\u064a\u064e\u0627\u062a\u064d \u0644\u0650\u0651\u0642\u064e\u0648\u0652\u0645\u064d \u064a\u064e\u062a\u064e\u0641\u064e\u0643\u0651\u064e\u0631\u064f\u0648\u0646\u064e Translitt\u00e9ration :Wa min \u0101y\u0101tihi an khalaqa lakum min anfusikum azw\u0101jan litaskun\u016b ilayh\u0101 wa ja\u2018ala baynakum mawaddatan wa ra\u1e25mah. Inna f\u012b dh\u0101lika la\u2019\u0101y\u0101tin liqawmin yatafakkar\u016bn. Ce verset souligne que le mariage est un lien fond\u00e9 sur l\u2019affection, la s\u00e9r\u00e9nit\u00e9 et la mis\u00e9ricorde. La violence conjugale va \u00e0 l\u2019encontre de cette vision divine et brise la confiance et l\u2019harmonie au sein du foyer. Ressources et soutien R.A.H.M.A Association s\u2019engage \u00e0 soutenir toutes les personnes confront\u00e9es aux violences conjugales, en offrant : Une \u00e9coute attentive et confidentielle Des conseils juridiques et sociaux Un accompagnement spirituel et psychologique Des ateliers de sensibilisation et de pr\u00e9vention Si vous ou quelqu\u2019un de votre entourage \u00eates victime de violences, sachez qu\u2019il existe de l\u2019aide et qu\u2019il est possible de retrouver s\u00e9curit\u00e9 et dignit\u00e9. Nous contacter 07 81 65 07 98 rahma.conseils@gmx.fr 3 Rue des Rolliers, 30820, Caveirac<\/p>\n","protected":false},"author":1,"featured_media":0,"parent":0,"menu_order":0,"comment_status":"closed","ping_status":"closed","template":"","meta":{"footnotes":""},"class_list":["post-968","page","type-page","status-publish","hentry"],"_links":{"self":[{"href":"https:\/\/r-ahma-association.com\/index.php\/wp-json\/wp\/v2\/pages\/968","targetHints":{"allow":["GET"]}}],"collection":[{"href":"https:\/\/r-ahma-association.com\/index.php\/wp-json\/wp\/v2\/pages"}],"about":[{"href":"https:\/\/r-ahma-association.com\/index.php\/wp-json\/wp\/v2\/types\/page"}],"author":[{"embeddable":true,"href":"https:\/\/r-ahma-association.com\/index.php\/wp-json\/wp\/v2\/users\/1"}],"replies":[{"embeddable":true,"href":"https:\/\/r-ahma-association.com\/index.php\/wp-json\/wp\/v2\/comments?post=968"}],"version-history":[{"count":22,"href":"https:\/\/r-ahma-association.com\/index.php\/wp-json\/wp\/v2\/pages\/968\/revisions"}],"predecessor-version":[{"id":1006,"href":"https:\/\/r-ahma-association.com\/index.php\/wp-json\/wp\/v2\/pages\/968\/revisions\/1006"}],"wp:attachment":[{"href":"https:\/\/r-ahma-association.com\/index.php\/wp-json\/wp\/v2\/media?parent=968"}],"curies":[{"name":"wp","href":"https:\/\/api.w.org\/{rel}","templated":true}]}}