{"id":164,"date":"2025-10-03T10:14:47","date_gmt":"2025-10-03T10:14:47","guid":{"rendered":"https:\/\/r-ahma-association.com\/?page_id=164"},"modified":"2025-11-12T09:17:25","modified_gmt":"2025-11-12T09:17:25","slug":"decouvrir-lassociation","status":"publish","type":"page","link":"https:\/\/r-ahma-association.com\/index.php\/decouvrir-lassociation\/","title":{"rendered":"D\u00c9COUVRIR L&rsquo;ASSOCIATION"},"content":{"rendered":"\t\t<div data-elementor-type=\"wp-page\" data-elementor-id=\"164\" class=\"elementor elementor-164\">\n\t\t\t\t<div class=\"elementor-element elementor-element-7b2a41f e-flex e-con-boxed wpr-particle-no wpr-jarallax-no wpr-parallax-no wpr-sticky-section-no wpr-equal-height-no e-con e-parent\" data-id=\"7b2a41f\" data-element_type=\"container\" data-e-type=\"container\" data-settings=\"{&quot;background_background&quot;:&quot;slideshow&quot;,&quot;background_slideshow_gallery&quot;:[{&quot;id&quot;:307,&quot;url&quot;:&quot;https:\\\/\\\/r-ahma-association.com\\\/wp-content\\\/uploads\\\/2025\\\/10\\\/cxpqnzd3psg.jpg&quot;}],&quot;background_slideshow_loop&quot;:&quot;yes&quot;,&quot;background_slideshow_slide_duration&quot;:5000,&quot;background_slideshow_slide_transition&quot;:&quot;fade&quot;,&quot;background_slideshow_transition_duration&quot;:500}\">\n\t\t\t\t\t<div class=\"e-con-inner\">\n\t\t\t\t<div class=\"elementor-element elementor-element-87c0a74 elementor-widget elementor-widget-hfe-breadcrumbs-widget\" data-id=\"87c0a74\" data-element_type=\"widget\" data-e-type=\"widget\" data-widget_type=\"hfe-breadcrumbs-widget.default\">\n\t\t\t\t<div class=\"elementor-widget-container\">\n\t\t\t\t\t<nav aria-label=\"Breadcrumb\"><ul class=\"hfe-breadcrumbs hfe-breadcrumbs-show-home\"><li class=\"hfe-breadcrumbs-item hfe-breadcrumbs-first\"><span class=\"hfe-breadcrumbs-home-icon\"><svg aria-hidden=\"true\" class=\"e-font-icon-svg e-fas-home\" viewBox=\"0 0 576 512\" xmlns=\"http:\/\/www.w3.org\/2000\/svg\"><path d=\"M280.37 148.26L96 300.11V464a16 16 0 0 0 16 16l112.06-.29a16 16 0 0 0 15.92-16V368a16 16 0 0 1 16-16h64a16 16 0 0 1 16 16v95.64a16 16 0 0 0 16 16.05L464 480a16 16 0 0 0 16-16V300L295.67 148.26a12.19 12.19 0 0 0-15.3 0zM571.6 251.47L488 182.56V44.05a12 12 0 0 0-12-12h-56a12 12 0 0 0-12 12v72.61L318.47 43a48 48 0 0 0-61 0L4.34 251.47a12 12 0 0 0-1.6 16.9l25.5 31A12 12 0 0 0 45.15 301l235.22-193.74a12.19 12.19 0 0 1 15.3 0L530.9 301a12 12 0 0 0 16.9-1.6l25.5-31a12 12 0 0 0-1.7-16.93z\"><\/path><\/svg><\/span><a href=\"https:\/\/r-ahma-association.com\"><span class=\"hfe-breadcrumbs-text\">Accueil<\/span><\/a><\/li><\/ul><\/nav>\t\t\t\t<\/div>\n\t\t\t\t<\/div>\n\t\t\t\t<div class=\"elementor-element elementor-element-4fe7aa3 elementor-widget elementor-widget-spacer\" data-id=\"4fe7aa3\" data-element_type=\"widget\" data-e-type=\"widget\" data-widget_type=\"spacer.default\">\n\t\t\t\t\t\t\t<div class=\"elementor-spacer\">\n\t\t\t<div class=\"elementor-spacer-inner\"><\/div>\n\t\t<\/div>\n\t\t\t\t\t\t<\/div>\n\t\t\t\t<div class=\"elementor-element elementor-element-dde08ad elementor-widget elementor-widget-heading\" data-id=\"dde08ad\" data-element_type=\"widget\" data-e-type=\"widget\" data-widget_type=\"heading.default\">\n\t\t\t\t\t<h1 class=\"elementor-heading-title elementor-size-default\">D\u00e9couvrir R.A.H.M.A Association<\/h1>\t\t\t\t<\/div>\n\t\t\t\t<div class=\"elementor-element elementor-element-207f359 elementor-widget elementor-widget-spacer\" data-id=\"207f359\" data-element_type=\"widget\" data-e-type=\"widget\" data-widget_type=\"spacer.default\">\n\t\t\t\t\t\t\t<div class=\"elementor-spacer\">\n\t\t\t<div class=\"elementor-spacer-inner\"><\/div>\n\t\t<\/div>\n\t\t\t\t\t\t<\/div>\n\t\t\t\t\t<\/div>\n\t\t\t\t<\/div>\n\t\t<div class=\"elementor-element elementor-element-cd1a06b e-flex e-con-boxed wpr-particle-no wpr-jarallax-no wpr-parallax-no wpr-sticky-section-no wpr-equal-height-no e-con e-parent\" data-id=\"cd1a06b\" data-element_type=\"container\" data-e-type=\"container\">\n\t\t\t\t\t<div class=\"e-con-inner\">\n\t\t\t\t<div class=\"elementor-element elementor-element-e90425c elementor-widget elementor-widget-heading\" data-id=\"e90425c\" data-element_type=\"widget\" data-e-type=\"widget\" data-widget_type=\"heading.default\">\n\t\t\t\t\t<h2 class=\"elementor-heading-title elementor-size-default\">Accompagner avec dignit\u00e9, solidarit\u00e9 et humanit\u00e9<\/h2>\t\t\t\t<\/div>\n\t\t\t\t<div class=\"elementor-element elementor-element-7cc69c8 elementor-widget elementor-widget-text-editor\" data-id=\"7cc69c8\" data-element_type=\"widget\" data-e-type=\"widget\" data-widget_type=\"text-editor.default\">\n\t\t\t\t\t\t\t\t\t<p data-pm-slice=\"1 1 []\">Bas\u00e9e sur des valeurs telles que la compassion, le respect et le soutien <strong>R.A.H.M.A Association<\/strong> travaille chaque jour pour soutenir les familles endeuill\u00e9es. Notre t\u00e2che principale est d\u2019organiser le <strong>rapatriement<\/strong> du d\u00e9funt et de ses <strong>fun\u00e9railles<\/strong> avec dignit\u00e9, o\u00f9 qu\u2019il vive, conform\u00e9ment \u00e0 ses derni\u00e8res volont\u00e9s et aux coutumes religieuses et culturelles de chaque famille.<\/p>\t\t\t\t\t\t\t\t<\/div>\n\t\t\t\t\t<\/div>\n\t\t\t\t<\/div>\n\t\t<div class=\"elementor-element elementor-element-694fced e-flex e-con-boxed wpr-particle-no wpr-jarallax-no wpr-parallax-no wpr-sticky-section-no wpr-equal-height-no e-con e-parent\" data-id=\"694fced\" data-element_type=\"container\" data-e-type=\"container\">\n\t\t\t\t\t<div class=\"e-con-inner\">\n\t\t\t\t<div class=\"elementor-element elementor-element-71e4ae6 elementor-widget-divider--view-line_icon elementor-view-default elementor-widget-divider--element-align-center elementor-widget elementor-widget-divider\" data-id=\"71e4ae6\" data-element_type=\"widget\" data-e-type=\"widget\" data-widget_type=\"divider.default\">\n\t\t\t\t\t\t\t<div class=\"elementor-divider\">\n\t\t\t<span class=\"elementor-divider-separator\">\n\t\t\t\t\t\t\t<div class=\"elementor-icon elementor-divider__element\">\n\t\t\t\t\t<svg aria-hidden=\"true\" class=\"e-font-icon-svg e-fab-avianex\" viewBox=\"0 0 512 512\" xmlns=\"http:\/\/www.w3.org\/2000\/svg\"><path d=\"M453.1 32h-312c-38.9 0-76.2 31.2-83.3 69.7L1.2 410.3C-5.9 448.8 19.9 480 58.9 480h312c38.9 0 76.2-31.2 83.3-69.7l56.7-308.5c7-38.6-18.8-69.8-57.8-69.8zm-58.2 347.3l-32 13.5-115.4-110c-14.7 10-29.2 19.5-41.7 27.1l22.1 64.2-17.9 12.7-40.6-61-52.4-48.1 15.7-15.4 58 31.1c9.3-10.5 20.8-22.6 32.8-34.9L203 228.9l-68.8-99.8 18.8-28.9 8.9-4.8L265 207.8l4.9 4.5c19.4-18.8 33.8-32.4 33.8-32.4 7.7-6.5 21.5-2.9 30.7 7.9 9 10.5 10.6 24.7 2.7 31.3-1.8 1.3-15.5 11.4-35.3 25.6l4.5 7.3 94.9 119.4-6.3 7.9z\"><\/path><\/svg><\/div>\n\t\t\t\t\t\t<\/span>\n\t\t<\/div>\n\t\t\t\t\t\t<\/div>\n\t\t\t\t\t<\/div>\n\t\t\t\t<\/div>\n\t\t<div class=\"elementor-element elementor-element-9d82d30 e-flex e-con-boxed wpr-particle-no wpr-jarallax-no wpr-parallax-no wpr-sticky-section-no wpr-equal-height-no e-con e-parent\" data-id=\"9d82d30\" data-element_type=\"container\" data-e-type=\"container\">\n\t\t\t\t\t<div class=\"e-con-inner\">\n\t\t\t\t<div class=\"elementor-element elementor-element-d9a3020 elementor-widget elementor-widget-heading\" data-id=\"d9a3020\" data-element_type=\"widget\" data-e-type=\"widget\" data-widget_type=\"heading.default\">\n\t\t\t\t\t<h2 class=\"elementor-heading-title elementor-size-default\">Notre mission <\/h2>\t\t\t\t<\/div>\n\t\t\t\t<div class=\"elementor-element elementor-element-43a901a elementor-widget elementor-widget-text-editor\" data-id=\"43a901a\" data-element_type=\"widget\" data-e-type=\"widget\" data-widget_type=\"text-editor.default\">\n\t\t\t\t\t\t\t\t\t<p>Perdre un \u00eatre cher est une \u00e9preuve tr\u00e8s douloureuse. Dans ces moments l\u00e0, les d\u00e9marches <strong>administratives<\/strong>, logistiques et <strong>financi\u00e8res<\/strong> peuvent sembler insurmontable.\u00a0\u00a0<\/p><p>C&rsquo;est pour cela que <strong>R.A.H.M.A Association<\/strong> s&rsquo;engage \u00e0 :\u00a0<\/p><ul><li>\u00a0<span style=\"white-space-collapse: preserve;\">Accompagner les familles endeuill\u00e9es avec <strong>\u00e9coute, bienveillance <\/strong>et <strong>discr\u00e9tion<\/strong><\/span><\/li><li><span style=\"white-space-collapse: preserve;\"> Organiser le <strong>rapatriement<\/strong> vers le pays d&rsquo;origine ou les <strong>obs\u00e8ques<\/strong> sur place directement\u200b<\/span><\/li><li>Prendre en charge les <strong>formalit\u00e9s administratives<\/strong> aupr\u00e8s des <strong>autorit\u00e9s<\/strong> et des <strong>compagnies a\u00e9riennes \u200b<\/strong><\/li><li>All\u00e9ger le poids financier gr\u00e2ce \u00e0 la solidarit\u00e9 associative et nos partenaires\u200b<\/li><\/ul>\t\t\t\t\t\t\t\t<\/div>\n\t\t\t\t\t<\/div>\n\t\t\t\t<\/div>\n\t\t<div class=\"elementor-element elementor-element-9eeaa09 e-flex e-con-boxed wpr-particle-no wpr-jarallax-no wpr-parallax-no wpr-sticky-section-no wpr-equal-height-no e-con e-parent\" data-id=\"9eeaa09\" data-element_type=\"container\" data-e-type=\"container\">\n\t\t\t\t\t<div class=\"e-con-inner\">\n\t\t\t\t<div class=\"elementor-element elementor-element-de67031 elementor-widget-divider--view-line_icon elementor-view-default elementor-widget-divider--element-align-center elementor-widget elementor-widget-divider\" data-id=\"de67031\" data-element_type=\"widget\" data-e-type=\"widget\" data-widget_type=\"divider.default\">\n\t\t\t\t\t\t\t<div class=\"elementor-divider\">\n\t\t\t<span class=\"elementor-divider-separator\">\n\t\t\t\t\t\t\t<div class=\"elementor-icon elementor-divider__element\">\n\t\t\t\t\t<svg aria-hidden=\"true\" class=\"e-font-icon-svg e-fab-avianex\" viewBox=\"0 0 512 512\" xmlns=\"http:\/\/www.w3.org\/2000\/svg\"><path d=\"M453.1 32h-312c-38.9 0-76.2 31.2-83.3 69.7L1.2 410.3C-5.9 448.8 19.9 480 58.9 480h312c38.9 0 76.2-31.2 83.3-69.7l56.7-308.5c7-38.6-18.8-69.8-57.8-69.8zm-58.2 347.3l-32 13.5-115.4-110c-14.7 10-29.2 19.5-41.7 27.1l22.1 64.2-17.9 12.7-40.6-61-52.4-48.1 15.7-15.4 58 31.1c9.3-10.5 20.8-22.6 32.8-34.9L203 228.9l-68.8-99.8 18.8-28.9 8.9-4.8L265 207.8l4.9 4.5c19.4-18.8 33.8-32.4 33.8-32.4 7.7-6.5 21.5-2.9 30.7 7.9 9 10.5 10.6 24.7 2.7 31.3-1.8 1.3-15.5 11.4-35.3 25.6l4.5 7.3 94.9 119.4-6.3 7.9z\"><\/path><\/svg><\/div>\n\t\t\t\t\t\t<\/span>\n\t\t<\/div>\n\t\t\t\t\t\t<\/div>\n\t\t\t\t\t<\/div>\n\t\t\t\t<\/div>\n\t\t<div class=\"elementor-element elementor-element-6f55d98 e-flex e-con-boxed wpr-particle-no wpr-jarallax-no wpr-parallax-no wpr-sticky-section-no wpr-equal-height-no e-con e-parent\" data-id=\"6f55d98\" data-element_type=\"container\" data-e-type=\"container\">\n\t\t\t\t\t<div class=\"e-con-inner\">\n\t\t\t\t<div class=\"elementor-element elementor-element-b375b18 elementor-widget elementor-widget-heading\" data-id=\"b375b18\" data-element_type=\"widget\" data-e-type=\"widget\" data-widget_type=\"heading.default\">\n\t\t\t\t\t<h2 class=\"elementor-heading-title elementor-size-default\">Le rapatriement international<\/h2>\t\t\t\t<\/div>\n\t\t\t\t<div class=\"elementor-element elementor-element-b3acc27 elementor-widget elementor-widget-text-editor\" data-id=\"b3acc27\" data-element_type=\"widget\" data-e-type=\"widget\" data-widget_type=\"text-editor.default\">\n\t\t\t\t\t\t\t\t\t<p>Gr\u00e2ce \u00e0 un r\u00e9seau fiable de correspondants et de partenaires fun\u00e9raires \u00e0 travers le monde, <strong>R.A.H.M.A Association<\/strong> cordonne les <strong>rapatriements internationaux <\/strong>dans les meilleures conditions.<\/p><p>Nous veillons \u00e0 ce que chaque d\u00e9funt soit accompagn\u00e9 avec respect et que chaque famille soit tenue inform\u00e9e \u00e0 chaque \u00e9tape du processus.<\/p>\t\t\t\t\t\t\t\t<\/div>\n\t\t\t\t\t<\/div>\n\t\t\t\t<\/div>\n\t\t<div class=\"elementor-element elementor-element-5f27e20 e-flex e-con-boxed wpr-particle-no wpr-jarallax-no wpr-parallax-no wpr-sticky-section-no wpr-equal-height-no e-con e-parent\" data-id=\"5f27e20\" data-element_type=\"container\" data-e-type=\"container\">\n\t\t\t\t\t<div class=\"e-con-inner\">\n\t\t\t\t<div class=\"elementor-element elementor-element-7360326 elementor-widget-divider--view-line_icon elementor-view-default elementor-widget-divider--element-align-center elementor-widget elementor-widget-divider\" data-id=\"7360326\" data-element_type=\"widget\" data-e-type=\"widget\" data-widget_type=\"divider.default\">\n\t\t\t\t\t\t\t<div class=\"elementor-divider\">\n\t\t\t<span class=\"elementor-divider-separator\">\n\t\t\t\t\t\t\t<div class=\"elementor-icon elementor-divider__element\">\n\t\t\t\t\t<svg aria-hidden=\"true\" class=\"e-font-icon-svg e-fab-avianex\" viewBox=\"0 0 512 512\" xmlns=\"http:\/\/www.w3.org\/2000\/svg\"><path d=\"M453.1 32h-312c-38.9 0-76.2 31.2-83.3 69.7L1.2 410.3C-5.9 448.8 19.9 480 58.9 480h312c38.9 0 76.2-31.2 83.3-69.7l56.7-308.5c7-38.6-18.8-69.8-57.8-69.8zm-58.2 347.3l-32 13.5-115.4-110c-14.7 10-29.2 19.5-41.7 27.1l22.1 64.2-17.9 12.7-40.6-61-52.4-48.1 15.7-15.4 58 31.1c9.3-10.5 20.8-22.6 32.8-34.9L203 228.9l-68.8-99.8 18.8-28.9 8.9-4.8L265 207.8l4.9 4.5c19.4-18.8 33.8-32.4 33.8-32.4 7.7-6.5 21.5-2.9 30.7 7.9 9 10.5 10.6 24.7 2.7 31.3-1.8 1.3-15.5 11.4-35.3 25.6l4.5 7.3 94.9 119.4-6.3 7.9z\"><\/path><\/svg><\/div>\n\t\t\t\t\t\t<\/span>\n\t\t<\/div>\n\t\t\t\t\t\t<\/div>\n\t\t\t\t\t<\/div>\n\t\t\t\t<\/div>\n\t\t<div class=\"elementor-element elementor-element-660cf42 e-flex e-con-boxed wpr-particle-no wpr-jarallax-no wpr-parallax-no wpr-sticky-section-no wpr-equal-height-no e-con e-parent\" data-id=\"660cf42\" data-element_type=\"container\" data-e-type=\"container\">\n\t\t\t\t\t<div class=\"e-con-inner\">\n\t\t\t\t<div class=\"elementor-element elementor-element-539eecc elementor-widget elementor-widget-heading\" data-id=\"539eecc\" data-element_type=\"widget\" data-e-type=\"widget\" data-widget_type=\"heading.default\">\n\t\t\t\t\t<h2 class=\"elementor-heading-title elementor-size-default\">L'organisation des obs\u00e8ques<\/h2>\t\t\t\t<\/div>\n\t\t\t\t<div class=\"elementor-element elementor-element-d675eeb elementor-widget elementor-widget-text-editor\" data-id=\"d675eeb\" data-element_type=\"widget\" data-e-type=\"widget\" data-widget_type=\"text-editor.default\">\n\t\t\t\t\t\t\t\t\t<p>Sur demande nous assurons \u00e9galement<strong> l&rsquo;organisation compl\u00e8te des fun\u00e9railles : <\/strong>toilette rituelle, mise en bi\u00e8re, transport, inhumation ou cr\u00e9mation selon les volont\u00e9s exprim\u00e9es.\u00a0<\/p><p>Notre \u00e9quipe veille \u00e0 ce que tout soit r\u00e9alis\u00e9 dans le <strong>respect<\/strong> des valeurs <strong>humaines<\/strong>, <strong>spirituelles<\/strong> et <strong>culturelles<\/strong>.<\/p>\t\t\t\t\t\t\t\t<\/div>\n\t\t\t\t\t<\/div>\n\t\t\t\t<\/div>\n\t\t<div class=\"elementor-element elementor-element-737c1a0 e-flex e-con-boxed wpr-particle-no wpr-jarallax-no wpr-parallax-no wpr-sticky-section-no wpr-equal-height-no e-con e-parent\" data-id=\"737c1a0\" data-element_type=\"container\" data-e-type=\"container\">\n\t\t\t\t\t<div class=\"e-con-inner\">\n\t\t\t\t<div class=\"elementor-element elementor-element-3785158 elementor-widget-divider--view-line_icon elementor-view-default elementor-widget-divider--element-align-center elementor-widget elementor-widget-divider\" data-id=\"3785158\" data-element_type=\"widget\" data-e-type=\"widget\" data-widget_type=\"divider.default\">\n\t\t\t\t\t\t\t<div class=\"elementor-divider\">\n\t\t\t<span class=\"elementor-divider-separator\">\n\t\t\t\t\t\t\t<div class=\"elementor-icon elementor-divider__element\">\n\t\t\t\t\t<svg aria-hidden=\"true\" class=\"e-font-icon-svg e-fab-avianex\" viewBox=\"0 0 512 512\" xmlns=\"http:\/\/www.w3.org\/2000\/svg\"><path d=\"M453.1 32h-312c-38.9 0-76.2 31.2-83.3 69.7L1.2 410.3C-5.9 448.8 19.9 480 58.9 480h312c38.9 0 76.2-31.2 83.3-69.7l56.7-308.5c7-38.6-18.8-69.8-57.8-69.8zm-58.2 347.3l-32 13.5-115.4-110c-14.7 10-29.2 19.5-41.7 27.1l22.1 64.2-17.9 12.7-40.6-61-52.4-48.1 15.7-15.4 58 31.1c9.3-10.5 20.8-22.6 32.8-34.9L203 228.9l-68.8-99.8 18.8-28.9 8.9-4.8L265 207.8l4.9 4.5c19.4-18.8 33.8-32.4 33.8-32.4 7.7-6.5 21.5-2.9 30.7 7.9 9 10.5 10.6 24.7 2.7 31.3-1.8 1.3-15.5 11.4-35.3 25.6l4.5 7.3 94.9 119.4-6.3 7.9z\"><\/path><\/svg><\/div>\n\t\t\t\t\t\t<\/span>\n\t\t<\/div>\n\t\t\t\t\t\t<\/div>\n\t\t\t\t\t<\/div>\n\t\t\t\t<\/div>\n\t\t<div class=\"elementor-element elementor-element-387c557 e-flex e-con-boxed wpr-particle-no wpr-jarallax-no wpr-parallax-no wpr-sticky-section-no wpr-equal-height-no e-con e-parent\" data-id=\"387c557\" data-element_type=\"container\" data-e-type=\"container\">\n\t\t\t\t\t<div class=\"e-con-inner\">\n\t\t\t\t<div class=\"elementor-element elementor-element-ccebe59 elementor-widget elementor-widget-heading\" data-id=\"ccebe59\" data-element_type=\"widget\" data-e-type=\"widget\" data-widget_type=\"heading.default\">\n\t\t\t\t\t<h2 class=\"elementor-heading-title elementor-size-default\">Nos valeurs <\/h2>\t\t\t\t<\/div>\n\t\t\t\t<div class=\"elementor-element elementor-element-ad62203 elementor-widget elementor-widget-text-editor\" data-id=\"ad62203\" data-element_type=\"widget\" data-e-type=\"widget\" data-widget_type=\"text-editor.default\">\n\t\t\t\t\t\t\t\t\t<ul><li data-start=\"2074\" data-end=\"2143\"><p data-start=\"2076\" data-end=\"2143\"><strong data-start=\"2076\" data-end=\"2087\">Respect<\/strong> de la dignit\u00e9 du d\u00e9funt et de la douleur des familles<\/p><\/li><li data-start=\"2144\" data-end=\"2191\"><p data-start=\"2146\" data-end=\"2191\"><strong data-start=\"2146\" data-end=\"2160\">Solidarit\u00e9<\/strong> entre membres et communaut\u00e9s<\/p><\/li><li data-start=\"2192\" data-end=\"2250\"><p data-start=\"2194\" data-end=\"2250\"><strong data-start=\"2194\" data-end=\"2210\">Transparence<\/strong> dans nos d\u00e9marches et nos engagements<\/p><\/li><li data-start=\"2251\" data-end=\"2278\"><p data-start=\"2253\" data-end=\"2278\"><strong data-start=\"2253\" data-end=\"2265\">Humanit\u00e9<\/strong> avant tout<\/p><\/li><\/ul>\t\t\t\t\t\t\t\t<\/div>\n\t\t\t\t\t<\/div>\n\t\t\t\t<\/div>\n\t\t<div class=\"elementor-element elementor-element-cce291e e-flex e-con-boxed wpr-particle-no wpr-jarallax-no wpr-parallax-no wpr-sticky-section-no wpr-equal-height-no e-con e-parent\" data-id=\"cce291e\" data-element_type=\"container\" data-e-type=\"container\">\n\t\t\t\t\t<div class=\"e-con-inner\">\n\t\t\t\t<div class=\"elementor-element elementor-element-3bfb27e elementor-widget-divider--view-line_icon elementor-view-default elementor-widget-divider--element-align-center elementor-widget elementor-widget-divider\" data-id=\"3bfb27e\" data-element_type=\"widget\" data-e-type=\"widget\" data-widget_type=\"divider.default\">\n\t\t\t\t\t\t\t<div class=\"elementor-divider\">\n\t\t\t<span class=\"elementor-divider-separator\">\n\t\t\t\t\t\t\t<div class=\"elementor-icon elementor-divider__element\">\n\t\t\t\t\t<svg aria-hidden=\"true\" class=\"e-font-icon-svg e-fab-avianex\" viewBox=\"0 0 512 512\" xmlns=\"http:\/\/www.w3.org\/2000\/svg\"><path d=\"M453.1 32h-312c-38.9 0-76.2 31.2-83.3 69.7L1.2 410.3C-5.9 448.8 19.9 480 58.9 480h312c38.9 0 76.2-31.2 83.3-69.7l56.7-308.5c7-38.6-18.8-69.8-57.8-69.8zm-58.2 347.3l-32 13.5-115.4-110c-14.7 10-29.2 19.5-41.7 27.1l22.1 64.2-17.9 12.7-40.6-61-52.4-48.1 15.7-15.4 58 31.1c9.3-10.5 20.8-22.6 32.8-34.9L203 228.9l-68.8-99.8 18.8-28.9 8.9-4.8L265 207.8l4.9 4.5c19.4-18.8 33.8-32.4 33.8-32.4 7.7-6.5 21.5-2.9 30.7 7.9 9 10.5 10.6 24.7 2.7 31.3-1.8 1.3-15.5 11.4-35.3 25.6l4.5 7.3 94.9 119.4-6.3 7.9z\"><\/path><\/svg><\/div>\n\t\t\t\t\t\t<\/span>\n\t\t<\/div>\n\t\t\t\t\t\t<\/div>\n\t\t\t\t\t<\/div>\n\t\t\t\t<\/div>\n\t\t<div class=\"elementor-element elementor-element-729f05a e-flex e-con-boxed wpr-particle-no wpr-jarallax-no wpr-parallax-no wpr-sticky-section-no wpr-equal-height-no e-con e-parent\" data-id=\"729f05a\" data-element_type=\"container\" data-e-type=\"container\">\n\t\t\t\t\t<div class=\"e-con-inner\">\n\t\t\t\t<div class=\"elementor-element elementor-element-f97ff93 elementor-widget elementor-widget-heading\" data-id=\"f97ff93\" data-element_type=\"widget\" data-e-type=\"widget\" data-widget_type=\"heading.default\">\n\t\t\t\t\t<h2 class=\"elementor-heading-title elementor-size-default\">Un accompagnement humain avant tout <\/h2>\t\t\t\t<\/div>\n\t\t\t\t<div class=\"elementor-element elementor-element-67b8b3c elementor-widget elementor-widget-text-editor\" data-id=\"67b8b3c\" data-element_type=\"widget\" data-e-type=\"widget\" data-widget_type=\"text-editor.default\">\n\t\t\t\t\t\t\t\t\t<p>Chez <strong>R.A.H.M.A Association<\/strong>, nous croyons que chaque vie m\u00e9rite un dernier voyage empreint de paix et de respect.<\/p><p>Nous mettons notre exp\u00e9rience, notre c\u0153ur et notre r\u00e9seau au service des familles pour que l&rsquo;adieu soit plus serein.<\/p>\t\t\t\t\t\t\t\t<\/div>\n\t\t\t\t\t<\/div>\n\t\t\t\t<\/div>\n\t\t\t\t<\/div>\n\t\t","protected":false},"excerpt":{"rendered":"<p>Accueil D\u00e9couvrir R.A.H.M.A Association Accompagner avec dignit\u00e9, solidarit\u00e9 et humanit\u00e9 Bas\u00e9e sur des valeurs telles que la compassion, le respect et le soutien R.A.H.M.A Association travaille chaque jour pour soutenir les familles endeuill\u00e9es. Notre t\u00e2che principale est d\u2019organiser le rapatriement du d\u00e9funt et de ses fun\u00e9railles avec dignit\u00e9, o\u00f9 qu\u2019il vive, conform\u00e9ment \u00e0 ses derni\u00e8res volont\u00e9s et aux coutumes religieuses et culturelles de chaque famille. Notre mission Perdre un \u00eatre cher est une \u00e9preuve tr\u00e8s douloureuse. Dans ces moments l\u00e0, les d\u00e9marches administratives, logistiques et financi\u00e8res peuvent sembler insurmontable.\u00a0\u00a0 C&rsquo;est pour cela que R.A.H.M.A Association s&rsquo;engage \u00e0 :\u00a0 \u00a0Accompagner les familles endeuill\u00e9es avec \u00e9coute, bienveillance et discr\u00e9tion Organiser le rapatriement vers le pays d&rsquo;origine ou les obs\u00e8ques sur place directement\u200b Prendre en charge les formalit\u00e9s administratives aupr\u00e8s des autorit\u00e9s et des compagnies a\u00e9riennes \u200b All\u00e9ger le poids financier gr\u00e2ce \u00e0 la solidarit\u00e9 associative et nos partenaires\u200b Le rapatriement international Gr\u00e2ce \u00e0 un r\u00e9seau fiable de correspondants et de partenaires fun\u00e9raires \u00e0 travers le monde, R.A.H.M.A Association cordonne les rapatriements internationaux dans les meilleures conditions. Nous veillons \u00e0 ce que chaque d\u00e9funt soit accompagn\u00e9 avec respect et que chaque famille soit tenue inform\u00e9e \u00e0 chaque \u00e9tape du processus. L&rsquo;organisation des obs\u00e8ques Sur demande nous assurons \u00e9galement l&rsquo;organisation compl\u00e8te des fun\u00e9railles : toilette rituelle, mise en bi\u00e8re, transport, inhumation ou cr\u00e9mation selon les volont\u00e9s exprim\u00e9es.\u00a0 Notre \u00e9quipe veille \u00e0 ce que tout soit r\u00e9alis\u00e9 dans le respect des valeurs humaines, spirituelles et culturelles. Nos valeurs Respect de la dignit\u00e9 du d\u00e9funt et de la douleur des familles Solidarit\u00e9 entre membres et communaut\u00e9s Transparence dans nos d\u00e9marches et nos engagements Humanit\u00e9 avant tout Un accompagnement humain avant tout Chez R.A.H.M.A Association, nous croyons que chaque vie m\u00e9rite un dernier voyage empreint de paix et de respect. Nous mettons notre exp\u00e9rience, notre c\u0153ur et notre r\u00e9seau au service des familles pour que l&rsquo;adieu soit plus serein.<\/p>\n","protected":false},"author":1,"featured_media":0,"parent":0,"menu_order":0,"comment_status":"closed","ping_status":"closed","template":"","meta":{"footnotes":""},"class_list":["post-164","page","type-page","status-publish","hentry"],"_links":{"self":[{"href":"https:\/\/r-ahma-association.com\/index.php\/wp-json\/wp\/v2\/pages\/164","targetHints":{"allow":["GET"]}}],"collection":[{"href":"https:\/\/r-ahma-association.com\/index.php\/wp-json\/wp\/v2\/pages"}],"about":[{"href":"https:\/\/r-ahma-association.com\/index.php\/wp-json\/wp\/v2\/types\/page"}],"author":[{"embeddable":true,"href":"https:\/\/r-ahma-association.com\/index.php\/wp-json\/wp\/v2\/users\/1"}],"replies":[{"embeddable":true,"href":"https:\/\/r-ahma-association.com\/index.php\/wp-json\/wp\/v2\/comments?post=164"}],"version-history":[{"count":40,"href":"https:\/\/r-ahma-association.com\/index.php\/wp-json\/wp\/v2\/pages\/164\/revisions"}],"predecessor-version":[{"id":862,"href":"https:\/\/r-ahma-association.com\/index.php\/wp-json\/wp\/v2\/pages\/164\/revisions\/862"}],"wp:attachment":[{"href":"https:\/\/r-ahma-association.com\/index.php\/wp-json\/wp\/v2\/media?parent=164"}],"curies":[{"name":"wp","href":"https:\/\/api.w.org\/{rel}","templated":true}]}}