{"id":1048,"date":"2026-01-05T15:48:07","date_gmt":"2026-01-05T15:48:07","guid":{"rendered":"https:\/\/r-ahma-association.com\/?page_id=1048"},"modified":"2026-01-05T16:05:06","modified_gmt":"2026-01-05T16:05:06","slug":"perte-dun-proche-que-faire","status":"publish","type":"page","link":"https:\/\/r-ahma-association.com\/index.php\/perte-dun-proche-que-faire\/","title":{"rendered":"PERTE D&rsquo;UN PROCHE : QUE FAIRE ?"},"content":{"rendered":"\t\t<div data-elementor-type=\"wp-page\" data-elementor-id=\"1048\" class=\"elementor elementor-1048\">\n\t\t\t\t<div class=\"elementor-element elementor-element-a40bacd e-flex e-con-boxed wpr-particle-no wpr-jarallax-no wpr-parallax-no wpr-sticky-section-no wpr-equal-height-no e-con e-parent\" data-id=\"a40bacd\" data-element_type=\"container\" data-e-type=\"container\" data-settings=\"{&quot;background_background&quot;:&quot;slideshow&quot;,&quot;background_slideshow_gallery&quot;:[{&quot;id&quot;:1056,&quot;url&quot;:&quot;https:\\\/\\\/r-ahma-association.com\\\/wp-content\\\/uploads\\\/2026\\\/01\\\/ppx.jpg&quot;}],&quot;background_slideshow_loop&quot;:&quot;yes&quot;,&quot;background_slideshow_slide_duration&quot;:5000,&quot;background_slideshow_slide_transition&quot;:&quot;fade&quot;,&quot;background_slideshow_transition_duration&quot;:500}\">\n\t\t\t\t\t<div class=\"e-con-inner\">\n\t\t\t\t<div class=\"elementor-element elementor-element-b53bb67 elementor-widget elementor-widget-hfe-breadcrumbs-widget\" data-id=\"b53bb67\" data-element_type=\"widget\" data-e-type=\"widget\" data-widget_type=\"hfe-breadcrumbs-widget.default\">\n\t\t\t\t<div class=\"elementor-widget-container\">\n\t\t\t\t\t<nav aria-label=\"Breadcrumb\"><ul class=\"hfe-breadcrumbs hfe-breadcrumbs-show-home\"><li class=\"hfe-breadcrumbs-item hfe-breadcrumbs-first\"><span class=\"hfe-breadcrumbs-home-icon\"><svg aria-hidden=\"true\" class=\"e-font-icon-svg e-fas-home\" viewBox=\"0 0 576 512\" xmlns=\"http:\/\/www.w3.org\/2000\/svg\"><path d=\"M280.37 148.26L96 300.11V464a16 16 0 0 0 16 16l112.06-.29a16 16 0 0 0 15.92-16V368a16 16 0 0 1 16-16h64a16 16 0 0 1 16 16v95.64a16 16 0 0 0 16 16.05L464 480a16 16 0 0 0 16-16V300L295.67 148.26a12.19 12.19 0 0 0-15.3 0zM571.6 251.47L488 182.56V44.05a12 12 0 0 0-12-12h-56a12 12 0 0 0-12 12v72.61L318.47 43a48 48 0 0 0-61 0L4.34 251.47a12 12 0 0 0-1.6 16.9l25.5 31A12 12 0 0 0 45.15 301l235.22-193.74a12.19 12.19 0 0 1 15.3 0L530.9 301a12 12 0 0 0 16.9-1.6l25.5-31a12 12 0 0 0-1.7-16.93z\"><\/path><\/svg><\/span><a href=\"https:\/\/r-ahma-association.com\"><span class=\"hfe-breadcrumbs-text\">Accueil<\/span><\/a><\/li><\/ul><\/nav>\t\t\t\t<\/div>\n\t\t\t\t<\/div>\n\t\t\t\t<div class=\"elementor-element elementor-element-1326640 elementor-widget elementor-widget-spacer\" data-id=\"1326640\" data-element_type=\"widget\" data-e-type=\"widget\" data-widget_type=\"spacer.default\">\n\t\t\t\t\t\t\t<div class=\"elementor-spacer\">\n\t\t\t<div class=\"elementor-spacer-inner\"><\/div>\n\t\t<\/div>\n\t\t\t\t\t\t<\/div>\n\t\t\t\t<div class=\"elementor-element elementor-element-1519576 elementor-widget elementor-widget-heading\" data-id=\"1519576\" data-element_type=\"widget\" data-e-type=\"widget\" data-widget_type=\"heading.default\">\n\t\t\t\t\t<h1 class=\"elementor-heading-title elementor-size-default\">Perte d'un proche: Que faire ?<\/h1>\t\t\t\t<\/div>\n\t\t\t\t<div class=\"elementor-element elementor-element-574264a elementor-widget elementor-widget-spacer\" data-id=\"574264a\" data-element_type=\"widget\" data-e-type=\"widget\" data-widget_type=\"spacer.default\">\n\t\t\t\t\t\t\t<div class=\"elementor-spacer\">\n\t\t\t<div class=\"elementor-spacer-inner\"><\/div>\n\t\t<\/div>\n\t\t\t\t\t\t<\/div>\n\t\t\t\t\t<\/div>\n\t\t\t\t<\/div>\n\t\t<div class=\"elementor-element elementor-element-b0964cb e-flex e-con-boxed wpr-particle-no wpr-jarallax-no wpr-parallax-no wpr-sticky-section-no wpr-equal-height-no e-con e-parent\" data-id=\"b0964cb\" data-element_type=\"container\" data-e-type=\"container\">\n\t\t\t\t\t<div class=\"e-con-inner\">\n\t\t\t\t<div class=\"elementor-element elementor-element-d32d974 elementor-widget elementor-widget-heading\" data-id=\"d32d974\" data-element_type=\"widget\" data-e-type=\"widget\" data-widget_type=\"heading.default\">\n\t\t\t\t\t<h2 class=\"elementor-heading-title elementor-size-default\">Perte d'un proche: Que faire ?\u200b<\/h2>\t\t\t\t<\/div>\n\t\t\t\t<div class=\"elementor-element elementor-element-f14fef2 elementor-widget elementor-widget-heading\" data-id=\"f14fef2\" data-element_type=\"widget\" data-e-type=\"widget\" data-widget_type=\"heading.default\">\n\t\t\t\t\t<h2 class=\"elementor-heading-title elementor-size-default\">Association R.A.H.M.A \u2013 Restaurer la paix, renforcer les liens<\/h2>\t\t\t\t<\/div>\n\t\t\t\t<div class=\"elementor-element elementor-element-a223db0 elementor-widget elementor-widget-text-editor\" data-id=\"a223db0\" data-element_type=\"widget\" data-e-type=\"widget\" data-widget_type=\"text-editor.default\">\n\t\t\t\t\t\t\t\t\t<p>Faire face au d\u00e9c\u00e8s d\u2019un proche est une \u00e9preuve difficile. Dans ces moments douloureux, les d\u00e9marches administratives et organisationnelles peuvent sembler complexes.<\/p><p>L\u2019association R.A.H.M.A, bas\u00e9e \u00e0 Caveirac, est l\u00e0 pour vous accompagner, vous orienter et vous soutenir \u00e0 chaque \u00e9tape.<\/p>\t\t\t\t\t\t\t\t<\/div>\n\t\t\t\t\t<\/div>\n\t\t\t\t<\/div>\n\t\t<div class=\"elementor-element elementor-element-ccf8b31 e-flex e-con-boxed wpr-particle-no wpr-jarallax-no wpr-parallax-no wpr-sticky-section-no wpr-equal-height-no e-con e-parent\" data-id=\"ccf8b31\" data-element_type=\"container\" data-e-type=\"container\">\n\t\t\t\t\t<div class=\"e-con-inner\">\n\t\t\t\t<div class=\"elementor-element elementor-element-261c9cc elementor-widget__width-initial elementor-widget elementor-widget-image\" data-id=\"261c9cc\" data-element_type=\"widget\" data-e-type=\"widget\" data-widget_type=\"image.default\">\n\t\t\t\t\t\t\t\t\t\t\t\t\t\t\t\t<a href=\"https:\/\/www.lalibre.be\/carnet\/necrologie\/2025\/02\/10\/pourquoi-les-obseques-rallument-elles-souvent-les-tensions-familiales-6XE4GB6QEZBBXN52CJM75EBXJI\/\">\n\t\t\t\t\t\t\t<img fetchpriority=\"high\" decoding=\"async\" width=\"768\" height=\"768\" src=\"https:\/\/r-ahma-association.com\/wp-content\/uploads\/2026\/01\/unnamed-1-768x768.jpg\" class=\"attachment-medium_large size-medium_large wp-image-1061\" alt=\"unnamed (1)\" srcset=\"https:\/\/r-ahma-association.com\/wp-content\/uploads\/2026\/01\/unnamed-1-768x768.jpg 768w, https:\/\/r-ahma-association.com\/wp-content\/uploads\/2026\/01\/unnamed-1-300x300.jpg 300w, https:\/\/r-ahma-association.com\/wp-content\/uploads\/2026\/01\/unnamed-1-150x150.jpg 150w, https:\/\/r-ahma-association.com\/wp-content\/uploads\/2026\/01\/unnamed-1.jpg 1024w\" sizes=\"(max-width: 768px) 100vw, 768px\" title=\"PERTE D&#039;UN PROCHE : QUE FAIRE ?\">\t\t\t\t\t\t\t\t<\/a>\n\t\t\t\t\t\t\t\t\t\t\t\t\t\t\t<\/div>\n\t\t\t\t\t<\/div>\n\t\t\t\t<\/div>\n\t\t<div class=\"elementor-element elementor-element-846dc4c e-flex e-con-boxed wpr-particle-no wpr-jarallax-no wpr-parallax-no wpr-sticky-section-no wpr-equal-height-no e-con e-parent\" data-id=\"846dc4c\" data-element_type=\"container\" data-e-type=\"container\">\n\t\t\t\t\t<div class=\"e-con-inner\">\n\t\t\t\t<div class=\"elementor-element elementor-element-56b234e elementor-widget elementor-widget-heading\" data-id=\"56b234e\" data-element_type=\"widget\" data-e-type=\"widget\" data-widget_type=\"heading.default\">\n\t\t\t\t\t<h2 class=\"elementor-heading-title elementor-size-default\">V\u00e9rifier l\u2019existence d\u2019un contrat d\u2019assurance obs\u00e8ques\n<\/h2>\t\t\t\t<\/div>\n\t\t\t\t<div class=\"elementor-element elementor-element-894e84b elementor-widget elementor-widget-text-editor\" data-id=\"894e84b\" data-element_type=\"widget\" data-e-type=\"widget\" data-widget_type=\"text-editor.default\">\n\t\t\t\t\t\t\t\t\t<p data-start=\"1377\" data-end=\"1533\"><span style=\"font-size: 1rem;\">La premi\u00e8re d\u00e9marche consiste \u00e0 v\u00e9rifier si le d\u00e9funt avait souscrit un contrat d\u2019assurance obs\u00e8ques.<\/span><\/p><p>Ce type de contrat permet souvent de prendre en charge tout ou partie des frais et d\u00e9marches li\u00e9s aux fun\u00e9railles.<\/p><p>\u00a0<\/p><h3>En pr\u00e9sence d\u2019un contrat obs\u00e8ques :<\/h3><p>\u00a0<\/p><ul><li><p>D\u00e9clarer le d\u00e9c\u00e8s aupr\u00e8s de l\u2019assureur<\/p><\/li><li><p>D\u00e9l\u00e9guer les d\u00e9marches administratives \u00e0 une entreprise de pompes fun\u00e8bres de votre choix<\/p><\/li><li><p>Proc\u00e9der \u00e0 l\u2019achat de la concession pour l\u2019inhumation locale, si n\u00e9cessaire<\/p><\/li><li><p>Organiser les billets d\u2019avion en cas de rapatriement du corps<\/p><\/li><\/ul>\t\t\t\t\t\t\t\t<\/div>\n\t\t\t\t\t<\/div>\n\t\t\t\t<\/div>\n\t\t<div class=\"elementor-element elementor-element-ad256c6 e-grid e-con-boxed wpr-particle-no wpr-jarallax-no wpr-parallax-no wpr-sticky-section-no wpr-equal-height-no e-con e-parent\" data-id=\"ad256c6\" data-element_type=\"container\" data-e-type=\"container\">\n\t\t\t\t\t<div class=\"e-con-inner\">\n\t\t<div class=\"elementor-element elementor-element-17f81a0 e-con-full e-flex wpr-particle-no wpr-jarallax-no wpr-parallax-no wpr-sticky-section-no wpr-equal-height-no e-con e-child\" data-id=\"17f81a0\" data-element_type=\"container\" data-e-type=\"container\">\n\t\t<div class=\"elementor-element elementor-element-0ce4728 e-con-full e-flex wpr-particle-no wpr-jarallax-no wpr-parallax-no wpr-sticky-section-no wpr-equal-height-no e-con e-child\" data-id=\"0ce4728\" data-element_type=\"container\" data-e-type=\"container\">\n\t\t\t\t<div class=\"elementor-element elementor-element-0d6f502 elementor-widget elementor-widget-heading\" data-id=\"0d6f502\" data-element_type=\"widget\" data-e-type=\"widget\" data-widget_type=\"heading.default\">\n\t\t\t\t\t<h2 class=\"elementor-heading-title elementor-size-default\">En l\u2019absence de contrat d\u2019assurance obs\u00e8ques<\/h2>\t\t\t\t<\/div>\n\t\t\t\t<div class=\"elementor-element elementor-element-934cdd2 elementor-widget elementor-widget-text-editor\" data-id=\"934cdd2\" data-element_type=\"widget\" data-e-type=\"widget\" data-widget_type=\"text-editor.default\">\n\t\t\t\t\t\t\t\t\t<p>Si aucun contrat n\u2019a \u00e9t\u00e9 souscrit, certaines d\u00e9marches doivent \u00eatre r\u00e9alis\u00e9es directement par la famille, avec l\u2019aide de professionnels.<\/p><h3>Les \u00e9tapes principales :<\/h3><ul><li style=\"list-style-type: none;\"><ul><li><p>Rechercher une entreprise de pompes fun\u00e8bres<\/p><\/li><li><p>D\u00e9l\u00e9guer les d\u00e9marches administratives, notamment :<\/p><p>\u00a0<\/p><ul><li><p>D\u00e9claration du d\u00e9c\u00e8s en mairie (acte de d\u00e9c\u00e8s)<\/p><\/li><li><p>D\u00e9marches aupr\u00e8s de la pr\u00e9fecture<\/p><\/li><li><p>Choix du cercueil<\/p><\/li><li><p>Organisation et planification de la c\u00e9r\u00e9monie<\/p><\/li><li><p>Choix du type de concession fun\u00e9raire<\/p><\/li><\/ul><\/li><\/ul><\/li><\/ul>\t\t\t\t\t\t\t\t<\/div>\n\t\t\t\t<\/div>\n\t\t\t\t<\/div>\n\t\t<div class=\"elementor-element elementor-element-4b85416 e-con-full e-flex wpr-particle-no wpr-jarallax-no wpr-parallax-no wpr-sticky-section-no wpr-equal-height-no e-con e-child\" data-id=\"4b85416\" data-element_type=\"container\" data-e-type=\"container\">\n\t\t<div class=\"elementor-element elementor-element-d8fc0c7 e-con-full e-flex wpr-particle-no wpr-jarallax-no wpr-parallax-no wpr-sticky-section-no wpr-equal-height-no e-con e-child\" data-id=\"d8fc0c7\" data-element_type=\"container\" data-e-type=\"container\">\n\t\t\t\t<div class=\"elementor-element elementor-element-53ed258 elementor-widget elementor-widget-heading\" data-id=\"53ed258\" data-element_type=\"widget\" data-e-type=\"widget\" data-widget_type=\"heading.default\">\n\t\t\t\t\t<h2 class=\"elementor-heading-title elementor-size-default\">Cas des rapatriements\n<\/h2>\t\t\t\t<\/div>\n\t\t\t\t<div class=\"elementor-element elementor-element-61105c2 elementor-widget elementor-widget-spacer\" data-id=\"61105c2\" data-element_type=\"widget\" data-e-type=\"widget\" data-widget_type=\"spacer.default\">\n\t\t\t\t\t\t\t<div class=\"elementor-spacer\">\n\t\t\t<div class=\"elementor-spacer-inner\"><\/div>\n\t\t<\/div>\n\t\t\t\t\t\t<\/div>\n\t\t\t\t<div class=\"elementor-element elementor-element-7e5e3de elementor-widget elementor-widget-text-editor\" data-id=\"7e5e3de\" data-element_type=\"widget\" data-e-type=\"widget\" data-widget_type=\"text-editor.default\">\n\t\t\t\t\t\t\t\t\t<p>Lorsque le d\u00e9c\u00e8s survient loin du lieu d\u2019inhumation :<\/p><p>\u00a0<\/p><ul><li><p>Une ambulance est organis\u00e9e \u00e0 l\u2019arriv\u00e9e afin d\u2019acheminer le corps vers le cimeti\u00e8re ou le lieu de recueillement<\/p><\/li><\/ul>\t\t\t\t\t\t\t\t<\/div>\n\t\t\t\t<div class=\"elementor-element elementor-element-e52c06b elementor-widget elementor-widget-spacer\" data-id=\"e52c06b\" data-element_type=\"widget\" data-e-type=\"widget\" data-widget_type=\"spacer.default\">\n\t\t\t\t\t\t\t<div class=\"elementor-spacer\">\n\t\t\t<div class=\"elementor-spacer-inner\"><\/div>\n\t\t<\/div>\n\t\t\t\t\t\t<\/div>\n\t\t\t\t<\/div>\n\t\t\t\t<\/div>\n\t\t\t\t\t<\/div>\n\t\t\t\t<\/div>\n\t\t<div class=\"elementor-element elementor-element-e2dbc11 e-flex e-con-boxed wpr-particle-no wpr-jarallax-no wpr-parallax-no wpr-sticky-section-no wpr-equal-height-no e-con e-parent\" data-id=\"e2dbc11\" data-element_type=\"container\" data-e-type=\"container\">\n\t\t\t\t\t<div class=\"e-con-inner\">\n\t\t\t\t<div class=\"elementor-element elementor-element-ac80f64 elementor-widget elementor-widget-heading\" data-id=\"ac80f64\" data-element_type=\"widget\" data-e-type=\"widget\" data-widget_type=\"heading.default\">\n\t\t\t\t\t<h2 class=\"elementor-heading-title elementor-size-default\">Nous contacter<\/h2>\t\t\t\t<\/div>\n\t\t\t\t<div class=\"elementor-element elementor-element-1e2abca elementor-align-center elementor-icon-list--layout-traditional elementor-list-item-link-full_width elementor-widget elementor-widget-icon-list\" data-id=\"1e2abca\" data-element_type=\"widget\" data-e-type=\"widget\" data-widget_type=\"icon-list.default\">\n\t\t\t\t\t\t\t<ul class=\"elementor-icon-list-items\">\n\t\t\t\t\t\t\t<li class=\"elementor-icon-list-item\">\n\t\t\t\t\t\t\t\t\t\t\t<span class=\"elementor-icon-list-icon\">\n\t\t\t\t\t\t\t<svg aria-hidden=\"true\" class=\"e-font-icon-svg e-fas-phone-square-alt\" viewBox=\"0 0 448 512\" xmlns=\"http:\/\/www.w3.org\/2000\/svg\"><path d=\"M400 32H48A48 48 0 0 0 0 80v352a48 48 0 0 0 48 48h352a48 48 0 0 0 48-48V80a48 48 0 0 0-48-48zm-16.39 307.37l-15 65A15 15 0 0 1 354 416C194 416 64 286.29 64 126a15.7 15.7 0 0 1 11.63-14.61l65-15A18.23 18.23 0 0 1 144 96a16.27 16.27 0 0 1 13.79 9.09l30 70A17.9 17.9 0 0 1 189 181a17 17 0 0 1-5.5 11.61l-37.89 31a231.91 231.91 0 0 0 110.78 110.78l31-37.89A17 17 0 0 1 299 291a17.85 17.85 0 0 1 5.91 1.21l70 30A16.25 16.25 0 0 1 384 336a17.41 17.41 0 0 1-.39 3.37z\"><\/path><\/svg>\t\t\t\t\t\t<\/span>\n\t\t\t\t\t\t\t\t\t\t<span class=\"elementor-icon-list-text\">07 81 65 07 98<\/span>\n\t\t\t\t\t\t\t\t\t<\/li>\n\t\t\t\t\t\t\t\t<li class=\"elementor-icon-list-item\">\n\t\t\t\t\t\t\t\t\t\t\t<span class=\"elementor-icon-list-icon\">\n\t\t\t\t\t\t\t<svg aria-hidden=\"true\" class=\"e-font-icon-svg e-far-envelope\" viewBox=\"0 0 512 512\" xmlns=\"http:\/\/www.w3.org\/2000\/svg\"><path d=\"M464 64H48C21.49 64 0 85.49 0 112v288c0 26.51 21.49 48 48 48h416c26.51 0 48-21.49 48-48V112c0-26.51-21.49-48-48-48zm0 48v40.805c-22.422 18.259-58.168 46.651-134.587 106.49-16.841 13.247-50.201 45.072-73.413 44.701-23.208.375-56.579-31.459-73.413-44.701C106.18 199.465 70.425 171.067 48 152.805V112h416zM48 400V214.398c22.914 18.251 55.409 43.862 104.938 82.646 21.857 17.205 60.134 55.186 103.062 54.955 42.717.231 80.509-37.199 103.053-54.947 49.528-38.783 82.032-64.401 104.947-82.653V400H48z\"><\/path><\/svg>\t\t\t\t\t\t<\/span>\n\t\t\t\t\t\t\t\t\t\t<span class=\"elementor-icon-list-text\">rahma.conseils@gmx.fr<\/span>\n\t\t\t\t\t\t\t\t\t<\/li>\n\t\t\t\t\t\t\t\t<li class=\"elementor-icon-list-item\">\n\t\t\t\t\t\t\t\t\t\t\t<span class=\"elementor-icon-list-icon\">\n\t\t\t\t\t\t\t<svg aria-hidden=\"true\" class=\"e-font-icon-svg e-fas-location-arrow\" viewBox=\"0 0 512 512\" xmlns=\"http:\/\/www.w3.org\/2000\/svg\"><path d=\"M444.52 3.52L28.74 195.42c-47.97 22.39-31.98 92.75 19.19 92.75h175.91v175.91c0 51.17 70.36 67.17 92.75 19.19l191.9-415.78c15.99-38.39-25.59-79.97-63.97-63.97z\"><\/path><\/svg>\t\t\t\t\t\t<\/span>\n\t\t\t\t\t\t\t\t\t\t<span class=\"elementor-icon-list-text\">3 Rue des Rolliers, 30820, Caveirac<\/span>\n\t\t\t\t\t\t\t\t\t<\/li>\n\t\t\t\t\t\t<\/ul>\n\t\t\t\t\t\t<\/div>\n\t\t\t\t\t<\/div>\n\t\t\t\t<\/div>\n\t\t\t\t<\/div>\n\t\t","protected":false},"excerpt":{"rendered":"<p>Accueil Perte d&rsquo;un proche: Que faire ? Perte d&rsquo;un proche: Que faire ?\u200b Association R.A.H.M.A \u2013 Restaurer la paix, renforcer les liens Faire face au d\u00e9c\u00e8s d\u2019un proche est une \u00e9preuve difficile. Dans ces moments douloureux, les d\u00e9marches administratives et organisationnelles peuvent sembler complexes. L\u2019association R.A.H.M.A, bas\u00e9e \u00e0 Caveirac, est l\u00e0 pour vous accompagner, vous orienter et vous soutenir \u00e0 chaque \u00e9tape. V\u00e9rifier l\u2019existence d\u2019un contrat d\u2019assurance obs\u00e8ques La premi\u00e8re d\u00e9marche consiste \u00e0 v\u00e9rifier si le d\u00e9funt avait souscrit un contrat d\u2019assurance obs\u00e8ques. Ce type de contrat permet souvent de prendre en charge tout ou partie des frais et d\u00e9marches li\u00e9s aux fun\u00e9railles. \u00a0 En pr\u00e9sence d\u2019un contrat obs\u00e8ques : \u00a0 D\u00e9clarer le d\u00e9c\u00e8s aupr\u00e8s de l\u2019assureur D\u00e9l\u00e9guer les d\u00e9marches administratives \u00e0 une entreprise de pompes fun\u00e8bres de votre choix Proc\u00e9der \u00e0 l\u2019achat de la concession pour l\u2019inhumation locale, si n\u00e9cessaire Organiser les billets d\u2019avion en cas de rapatriement du corps En l\u2019absence de contrat d\u2019assurance obs\u00e8ques Si aucun contrat n\u2019a \u00e9t\u00e9 souscrit, certaines d\u00e9marches doivent \u00eatre r\u00e9alis\u00e9es directement par la famille, avec l\u2019aide de professionnels. Les \u00e9tapes principales : Rechercher une entreprise de pompes fun\u00e8bres D\u00e9l\u00e9guer les d\u00e9marches administratives, notamment : \u00a0 D\u00e9claration du d\u00e9c\u00e8s en mairie (acte de d\u00e9c\u00e8s) D\u00e9marches aupr\u00e8s de la pr\u00e9fecture Choix du cercueil Organisation et planification de la c\u00e9r\u00e9monie Choix du type de concession fun\u00e9raire Cas des rapatriements Lorsque le d\u00e9c\u00e8s survient loin du lieu d\u2019inhumation : \u00a0 Une ambulance est organis\u00e9e \u00e0 l\u2019arriv\u00e9e afin d\u2019acheminer le corps vers le cimeti\u00e8re ou le lieu de recueillement Nous contacter 07 81 65 07 98 rahma.conseils@gmx.fr 3 Rue des Rolliers, 30820, Caveirac<\/p>\n","protected":false},"author":1,"featured_media":0,"parent":0,"menu_order":0,"comment_status":"closed","ping_status":"closed","template":"","meta":{"footnotes":""},"class_list":["post-1048","page","type-page","status-publish","hentry"],"_links":{"self":[{"href":"https:\/\/r-ahma-association.com\/index.php\/wp-json\/wp\/v2\/pages\/1048","targetHints":{"allow":["GET"]}}],"collection":[{"href":"https:\/\/r-ahma-association.com\/index.php\/wp-json\/wp\/v2\/pages"}],"about":[{"href":"https:\/\/r-ahma-association.com\/index.php\/wp-json\/wp\/v2\/types\/page"}],"author":[{"embeddable":true,"href":"https:\/\/r-ahma-association.com\/index.php\/wp-json\/wp\/v2\/users\/1"}],"replies":[{"embeddable":true,"href":"https:\/\/r-ahma-association.com\/index.php\/wp-json\/wp\/v2\/comments?post=1048"}],"version-history":[{"count":16,"href":"https:\/\/r-ahma-association.com\/index.php\/wp-json\/wp\/v2\/pages\/1048\/revisions"}],"predecessor-version":[{"id":1067,"href":"https:\/\/r-ahma-association.com\/index.php\/wp-json\/wp\/v2\/pages\/1048\/revisions\/1067"}],"wp:attachment":[{"href":"https:\/\/r-ahma-association.com\/index.php\/wp-json\/wp\/v2\/media?parent=1048"}],"curies":[{"name":"wp","href":"https:\/\/api.w.org\/{rel}","templated":true}]}}